s 6 a factor of 166746?
True
Is 106 a factor of 922970?
False
Is 5 a factor of 73729?
False
Is 444733 a multiple of 9?
False
Is 727 a multiple of 15?
False
Is 140 a factor of 63971?
False
Is 6097 a multiple of 2?
False
Is 4163874 a multiple of 429?
True
Is 43 a factor of 12229?
False
Does 19 divide 33516?
True
Is 6446599 a multiple of 153?
False
Is 8894949 a multiple of 349?
False
Is 40 a factor of 6501804?
False
Does 3 divide 9088?
False
Is 66038 a multiple of 557?
False
Is 43460 even?
True
Does 11 divide 306218?
True
Does 4 divide 1887696?
True
Is 739801 a multiple of 59?
True
Is 2026855 a multiple of 545?
True
Is 163872 a multiple of 72?
True
Is 9 a factor of 1980686?
False
Is 53 a factor of 48774?
False
Does 613 divide 631390?
True
Does 356 divide 2399956?
False
Is 1160 a multiple of 29?
True
Does 15 divide 9980532?
False
Does 29 divide 464609?
True
Does 225 divide 91132?
False
Is 8 a factor of 18656?
True
Does 166 divide 310088?
True
Is 2305164 a multiple of 24?
False
Is 57024 a multiple of 192?
True
Is 40 a factor of 398320?
True
Is 33 a factor of 122661?
True
Does 70 divide 16450?
True
Is 4104252 a multiple of 70?
False
Is 88231 a multiple of 3?
False
Does 41 divide 93053?
False
Does 34 divide 1872?
False
Is 12 a factor of 14979405?
False
Is 72 a factor of 2258136?
True
Does 10 divide 4452650?
True
Is 684 a factor of 812327?
False
Is 286544 even?
True
Is 2341878 a multiple of 33?
True
Is 12 a factor of 1508880?
True
Does 53 divide 262774?
True
Is 10 a factor of 128626?
False
Is 2393127 a multiple of 97?
False
Is 42 a factor of 6167490?
True
Is 1492 a factor of 3877475?
False
Does 56 divide 136826?
False
Does 95 divide 421705?
True
Is 13 a factor of 471263?
True
Does 125 divide 927125?
True
Is 4378768 a multiple of 464?
True
Is 39606 even?
True
Is 101 a factor of 246530?
False
Is 88441 a multiple of 18?
False
Is 27 a factor of 2400020?
False
Does 126 divide 5381208?
True
Is 60 a factor of 6503940?
True
Is 65 a factor of 1468623?
False
Is 35 a factor of 1958206?
False
Is 15677008 a multiple of 348?
False
Is 832884 a multiple of 12?
True
Does 298 divide 275638?
False
Does 17 divide 2665854?
False
Is 235554 a multiple of 166?
True
Is 229893 a multiple of 9?
False
Is 4 a factor of 41883?
False
Is 138644 a multiple of 44?
True
Is 202 a factor of 141264?
False
Is 1964650 a multiple of 25?
True
Is 15 a factor of 28003791?
False
Does 874 divide 1306630?
True
Does 1177 divide 3589850?
True
Is 636030 even?
True
Is 227 a factor of 7175924?
True
Does 18 divide 22298?
False
Is 9 a factor of 427401?
True
Is 68 a factor of 39742?
False
Is 18 a factor of 8306515?
False
Is 36064 a multiple of 80?
False
Is 1431625 a multiple of 30?
False
Is 197 a factor of 287319?
False
Does 31 divide 2838949?
True
Is 311 a factor of 2548023?
True
Is 23 a factor of 503190?
False
Is 156648 a multiple of 17?
False
Does 12 divide 114996?
True
Is 173 a factor of 206735?
True
Does 937 divide 2162596?
True
Is 12 a factor of 908689?
False
Is 387 a factor of 162153?
True
Does 24 divide 311208?
True
Does 846 divide 11041146?
True
Does 14 divide 12313903?
False
Is 49 a factor of 2729927?
False
Does 104 divide 6035710?
False
Is 16 a factor of 1765817?
False
Is 51984 a multiple of 19?
True
Does 14 divide 4011052?
False
Is 135 a factor of 242522?
False
Is 251 a factor of 221704?
False
Does 80 divide 285835?
False
Is 434504 a multiple of 90?
False
Is 30 a factor of 35370?
True
Is 4 a factor of 440432?
True
Is 9747863 a multiple of 1257?
False
Is 2208570 a multiple of 13?
True
Does 23 divide 5963943?
False
Does 65 divide 353592?
False
Is 47 a factor of 5174800?
False
Does 334 divide 250834?
True
Is 11 a factor of 7515?
False
Is 12 a factor of 3548376?
True
Does 20 divide 72680?
True
Does 10 divide 12870?
True
Is 33 a factor of 2948764?
False
Does 425 divide 2125?
True
Is 983 a multiple of 8?
False
Is 1822613 a multiple of 20?
False
Does 1100 divide 987307?
False
Does 23 divide 1643143?
True
Is 125 a factor of 3632375?
True
Is 12 a factor of 38765?
False
Is 126 a factor of 804881?
False
Does 12 divide 1149816?
True
Is 5 a factor of 17143?
False
Does 31 divide 113553?
True
Is 3019184 a multiple of 392?
True
Is 28 a factor of 43792?
True
Does 28 divide 190092?
True
Is 414420 a multiple of 15?
True
Is 125053 a multiple of 103?
False
Is 18 a factor of 14504526?
True
Is 9312709 a multiple of 15?
False
Does 12 divide 31845012?
True
Does 119 divide 793767?
False
Is 809050 a multiple of 275?
True
Does 15 divide 54465?
True
Is 18 a factor of 262604?
False
Is 50 a factor of 57445?
False
Does 22 divide 173668?
True
Is 3563660 a multiple of 251?
False
Does 72 divide 6960567?
False
Is 23078880 a multiple of 360?
True
Does 8 divide 42024?
True
Is 923525 a multiple of 228?
False
Is 57121 a multiple of 3?
False
Is 129620 a multiple of 225?
False
Is 185298 a multiple of 89?
True
Is 25 a factor of 232199?
False
Is 11 a factor of 5234724?
True
Is 636509 a multiple of 487?
True
Does 5 divide 709433?
False
Is 180720 a multiple of 90?
True
Is 337172 a multiple of 194?
True
Is 50 a factor of 552000?
True
Is 198 a factor of 7054146?
True
Does 39 divide 108969?
False
Does 186 divide 6018861?
False
Does 11 divide 1180949?
True
Is 55703 a multiple of 42?
False
Is 7 a factor of 63653?
False
Is 18363371 a multiple of 74?
False
Does 35 divide 487165?
True
Is 280696 a multiple of 8?
True
Is 92004 a multiple of 25?
False
Is 78288 a multiple of 168?
True
Is 3635433 a multiple of 29?
False
Is 242 a factor of 161656?
True
Is 16 a factor of 71280?
True
Is 143 a factor of 1065745?
False
Is 15300 a multiple of 68?
True
Does 19 divide 338905?
False
Is 4281745 a multiple of 1235?
True
Is 4 a factor of 44172?
True
Does 95 divide 1944175?
True
Does 19 divide 3651452?
False
Does 31 divide 210749?
False
Does 67 divide 9246?
True
Is 1050 a factor of 2889147?
False
Is 690144 a multiple of 1027?
True
Does 18 divide 6148800?
True
Does 511 divide 13671331?
False
Is 23 a factor of 88205?
True
Is 35 a factor of 91350?
True
Is 2952322 a multiple of 223?
False
Is 799 a factor of 10158346?
False
Is 1093379 a multiple of 178?
False
Is 821550 a multiple of 50?
True
Is 2 a factor of 600150?
True
Does 1060 divide 2602073?
False
Is 1957692 a multiple of 29?
False
Is 101752 a multiple of 322?
True
Is 5150592 a multiple of 1632?
True
Is 10 a factor of 91919?
False
Is 21 a factor of 127491?
True
Is 18 a factor of 702298?
False
Is 86901 a multiple of 5?
False
Does 3 divide 99672?
True
Is 68 a factor of 454444?
True
Is 18221406 a multiple of 14?
True
Does 330 divide 55980?
False
Does 17 divide 11930413?
True
Is 220 a factor of 121880?
True
Is 303976 a multiple of 66?
False
Is 126720 a multiple of 72?
True
Is 701688 a multiple of 156?
True
Is 15 a factor of 7779120?
True
Is 56088 a multiple of 12?
True
Is 32 a factor of 502859?
False
Does 61 divide 346602?
True
Is 41 a factor of 429357?
False
Is 150675 a multiple of 35?
True
Is 6 a factor of 251088?
True
Does 9 divide 690957?
True
Does 21 divide 132090?
True
Is 184368 a multiple of 24?
True
Is 562 a factor of 413122?
False
Does 20 divide 348960?
True
Is 562860 a multiple of 265?
True
Does 13 divide 804882?
True
Does 8 divide 1648504?
True
Is 380 a factor of 70938?
False
Is 107 a factor of 42265?
True
Is 1449808 a multiple of 472?
False
Does 14 divide 281251?
False
Is 31 a factor of 27720927?
False
Is 11 a factor of 122190?
False
Does 245 divide 697515?
True
Is 9 a factor of 195210?
True
Is 38486 a multiple of 7?
True
Does 3 divide 14624?
False
Does 3 divide 864147?
True
Is 356 a factor of 2356998?
False
Is 2595823 a multiple of 44?
False
Is 2413111 a multiple of 367?
False
Is 489 a factor of 583866?
True
Does 253 divide 624151?
True
Is 28 a factor of 435400?
True
Does 67 divide 157922?
False
Does 113 divide 592911?
True
Is 21 a factor of 262185?
True
Does 3 divide 55612?
False
Does 29 divide 3640220?
False
Does 30 divide 5216776?
False
Is 25 a factor of 73090?
False
Is 431208 a multiple of 636?
True
Is 114 a factor of 30324?
True
Is 3911810 a multiple of 574?
True
Does 114 divide 176814?
True
Does 2 divide 80380?
True
Is 2171821 a multiple of 201?
False
Is 6 a factor of 5826270?
True
Is 1989460 a multiple of 22?
True
Is 16 a factor of 18490?
False
Does 48 divide 6741390?
False
Is 144 a factor of 